{"id":212,"date":"2019-02-21T15:08:48","date_gmt":"2019-02-21T13:08:48","guid":{"rendered":"http:\/\/tiinamari.com\/?page_id=212"},"modified":"2023-01-20T15:55:29","modified_gmt":"2023-01-20T13:55:29","slug":"tiinamari","status":"publish","type":"page","link":"https:\/\/runciter.esy.es\/index.php\/tiinamari\/","title":{"rendered":"TiinaMari"},"content":{"rendered":"<p><img loading=\"lazy\" width=\"348\" height=\"500\" src=\"https:\/\/runciter.esy.es\/wp-content\/uploads\/2019\/04\/TiinaMari.jpg\" alt=\"\" srcset=\"https:\/\/runciter.esy.es\/wp-content\/uploads\/2019\/04\/TiinaMari.jpg 348w, https:\/\/runciter.esy.es\/wp-content\/uploads\/2019\/04\/TiinaMari-209x300.jpg 209w\" sizes=\"(max-width: 348px) 100vw, 348px\" \/>\t\t\t\t\t\t\t\t\t\t\t<\/p>\n<p style=\"margin-bottom: 0.28cm; line-height: 108%;\">TiinaMari Pietil\u00e4 suunnittelee ja valmistaa omat mallistonsa keramiikkapajallaan Limingassa. Tuotteissa n\u00e4kyy vahva paikallistuntemus: inspiraatiota on saatu Limingan metsist\u00e4 ja peltomaisemasta sek\u00e4 Oulun kaupunkimilj\u00f6\u00f6st\u00e4.<\/p>\n<p style=\"margin-bottom: 0.28cm; line-height: 108%;\">Savenvalajaksi Tiina opiskeli Tervolan k\u00e4si- ja taideteollisuusalan oppilaitoksessa ja valmistui vuonna 1989. Puitteet k\u00e4sity\u00f6l\u00e4iseksi l\u00f6ytyiv\u00e4t miehen kotitilalta Ala-Temmekselt\u00e4, jonne he muuttivat lapsiensa kanssa vuonna 1997. Vanhasta navetasta entis\u00f6itiin uusi ja uljas keramiikkapaja. Silloin alkoikin my\u00f6s p\u00e4\u00e4toiminen yritt\u00e4minen. Lis\u00e4\u00e4 ty\u00f6- ja kurssitilaa valmistuu pajalle kev\u00e4\u00e4n 2023 aikana.<\/p>\n<p style=\"margin-bottom: 0.28cm; line-height: 108%;\">Lehtisarjan lehtilautasien pinnoilla toistuvat kauniisti aitojen kasvien ja pitsin kuviot. Sarjan lautaset ihastuttavat useissa luonnonmukaisissa v\u00e4reiss\u00e4. T\u00e4st\u00e4 se kaikki l\u00e4hti.<\/p>\n<p style=\"margin-bottom: 0.28cm; line-height: 108%;\">Murresarjan tuotteisiin on painettu k\u00e4sin paikallista v\u00e4ri\u00e4 murrelauseiden muodossa. Dreijaustekniikan ansiosta kupeissa ja kulhoissa n\u00e4kyy kauniisti k\u00e4denj\u00e4lki, ja jokainen astia on uniikki. Sarjan v\u00e4rein\u00e4 olivat aluksi musta ja valkoinen. Nyky\u00e4\u00e4n sarjaa tehd\u00e4\u00e4n useissa eri v\u00e4reiss\u00e4. Murre on monelle kovin rakas puheen elementti. Murrekuppeja saa kahdessa koossa. Tarjolla on my\u00f6s snapsikuppipakkauksia tervasnapsiohjeen kera.<\/p>\n<p style=\"margin-bottom: 0.28cm; line-height: 108%;\">K\u00e4tev\u00e4t lankakulhot ovat neulojien suosikkituote. TiinaMari valmistaa my\u00f6s tilauksesta liikelahjoja ja muita erikoistuotteita.<\/p>\n<p style=\"margin-bottom: 0.28cm; line-height: 108%;\">Ja v\u00e4liss\u00e4 on ollut aivan vaikka mit\u00e4 ja uutta kehitell\u00e4\u00e4n koko ajan. Keramiikkapajalta l\u00f6ytyykin tuotteita, jos jonkinmoisia, lahjatavaroita varmasti itse kullekin. Tutustu ja ihastu!<\/p>\n<p><style type=\"text\/css\">p { margin-bottom: 0.25cm; direction: ltr; line-height: 115%; text-align: left; orphans: 2; widows: 2 }<\/style><\/p>\n","protected":false},"excerpt":{"rendered":"<p>TiinaMari Pietil\u00e4 suunnittelee ja valmistaa omat mallistonsa keramiikkapajallaan Limingassa. Tuotteissa n\u00e4kyy vahva paikallistuntemus: inspiraatiota on saatu Limingan metsist\u00e4 ja peltomaisemasta sek\u00e4 Oulun kaupunkimilj\u00f6\u00f6st\u00e4. Savenvalajaksi Tiina opiskeli Tervolan k\u00e4si- ja taideteollisuusalan oppilaitoksessa ja valmistui vuonna 1989. Puitteet k\u00e4sity\u00f6l\u00e4iseksi l\u00f6ytyiv\u00e4t miehen kotitilalta Ala-Temmekselt\u00e4, jonne he muuttivat lapsiensa kanssa vuonna 1997. Vanhasta navetasta [&hellip;]<\/p>\n","protected":false},"author":1,"featured_media":0,"parent":0,"menu_order":0,"comment_status":"closed","ping_status":"closed","template":"","meta":[],"_links":{"self":[{"href":"https:\/\/runciter.esy.es\/index.php\/wp-json\/wp\/v2\/pages\/212"}],"collection":[{"href":"https:\/\/runciter.esy.es\/index.php\/wp-json\/wp\/v2\/pages"}],"about":[{"href":"https:\/\/runciter.esy.es\/index.php\/wp-json\/wp\/v2\/types\/page"}],"author":[{"embeddable":true,"href":"https:\/\/runciter.esy.es\/index.php\/wp-json\/wp\/v2\/users\/1"}],"replies":[{"embeddable":true,"href":"https:\/\/runciter.esy.es\/index.php\/wp-json\/wp\/v2\/comments?post=212"}],"version-history":[{"count":23,"href":"https:\/\/runciter.esy.es\/index.php\/wp-json\/wp\/v2\/pages\/212\/revisions"}],"predecessor-version":[{"id":38268,"href":"https:\/\/runciter.esy.es\/index.php\/wp-json\/wp\/v2\/pages\/212\/revisions\/38268"}],"wp:attachment":[{"href":"https:\/\/runciter.esy.es\/index.php\/wp-json\/wp\/v2\/media?parent=212"}],"curies":[{"name":"wp","href":"https:\/\/api.w.org\/{rel}","templated":true}]}}